{"id":20,"date":"2021-07-14T15:10:50","date_gmt":"2021-07-14T15:10:50","guid":{"rendered":"http:\/\/www.dinnerleiche.at\/?page_id=20"},"modified":"2025-11-28T14:01:57","modified_gmt":"2025-11-28T14:01:57","slug":"home","status":"publish","type":"page","link":"https:\/\/www.dinnerleiche.at\/","title":{"rendered":"home"},"content":{"rendered":"\n<div class=\"wp-block-group is-layout-constrained wp-container-core-group-is-layout-132feda4 wp-block-group-is-layout-constrained\">\n<div class=\"wp-block-cover aligncenter is-light\" style=\"min-height:250px;aspect-ratio:unset;\"><img loading=\"lazy\" decoding=\"async\" width=\"1730\" height=\"1124\" class=\"wp-block-cover__image-background wp-image-385\" alt=\"\" src=\"http:\/\/www.dinnerleiche.at\/wp-content\/uploads\/2021\/07\/4_MR_1619-1-e1626450628736.jpg\" style=\"object-position:44% 76%\" data-object-fit=\"cover\" data-object-position=\"44% 76%\" srcset=\"https:\/\/www.dinnerleiche.at\/wp-content\/uploads\/2021\/07\/4_MR_1619-1-e1626450628736.jpg 1730w, https:\/\/www.dinnerleiche.at\/wp-content\/uploads\/2021\/07\/4_MR_1619-1-e1626450628736-300x195.jpg 300w, https:\/\/www.dinnerleiche.at\/wp-content\/uploads\/2021\/07\/4_MR_1619-1-e1626450628736-1024x665.jpg 1024w, https:\/\/www.dinnerleiche.at\/wp-content\/uploads\/2021\/07\/4_MR_1619-1-e1626450628736-768x499.jpg 768w, https:\/\/www.dinnerleiche.at\/wp-content\/uploads\/2021\/07\/4_MR_1619-1-e1626450628736-1536x998.jpg 1536w\" sizes=\"auto, (max-width: 1730px) 100vw, 1730px\" \/><span aria-hidden=\"true\" class=\"wp-block-cover__background has-background-dim-0 has-background-dim\"><\/span><div class=\"wp-block-cover__inner-container is-layout-flow wp-block-cover-is-layout-flow\">\n<p class=\"has-large-font-size\"><\/p>\n<\/div><\/div>\n<\/div>\n\n\n\n<div class=\"wp-block-group is-layout-constrained wp-container-core-group-is-layout-132feda4 wp-block-group-is-layout-constrained\">\n<h2 class=\"wp-block-heading\"> Willkommen<\/h2>\n\n\n\n<p>Dinnerleiche spielt Krimidinner-Events in ganz \u00d6sterreich und gelegentlich auch in Bayern. Wir w\u00fcrden uns freuen, Sie demn\u00e4chst als Gast begr\u00fc\u00dfen zu d\u00fcrfen. Aktuell spielen wir unsere Krimidinner-Produktionen \u201e<a href=\"https:\/\/www.dinnerleiche.at\/?page_id=854\" data-type=\"page\" data-id=\"854\">KILLER CON CARNE<\/a>\u201c, \u201e<a href=\"https:\/\/www.dinnerleiche.at\/?page_id=854\" data-type=\"URL\" data-id=\"https:\/\/www.dinnerleiche.at\/?page_id=854\">GARTEN (GIFT) ZWERGE<\/a>\u201c und ganz neu \u201e<a href=\"https:\/\/www.dinnerleiche.at\/?page_id=854\" data-type=\"URL\" data-id=\"https:\/\/www.dinnerleiche.at\/?page_id=854\">MEN\u00dc A LA KNAST<\/a>\u201c.<\/p>\n\n\n\n<p>W\u00e4hrend eines 3-G\u00e4nge-Men\u00fcs gilt es, einem Mordfall aufzukl\u00e4ren. Kommen Sie dem T\u00e4ter auf die Spur? Aktuelle Dinnerleichen Spieltermine entnehmen Sie unserem <a href=\"http:\/\/www.dinnerleiche.at\/?page_id=22\" data-type=\"page\" data-id=\"22\">Spielplan<\/a>.<\/p>\n<\/div>\n\n\n\n<div class=\"wp-block-columns are-vertically-aligned-top is-layout-flex wp-container-core-columns-is-layout-28f84493 wp-block-columns-is-layout-flex\">\n<div class=\"wp-block-column is-vertically-aligned-top is-layout-flow wp-block-column-is-layout-flow\" style=\"flex-basis:666px\">\n<div style=\"height:100px\" aria-hidden=\"true\" class=\"wp-block-spacer\"><\/div>\n<\/div>\n<\/div>\n\n\n\n<p class=\"has-text-align-center\">Tickets und Gutscheine f\u00fcr unsere Veranstaltungen erhalten Sie direkt <a href=\"https:\/\/stagedive-gesbr.sumupstore.com\">hier<\/a><\/p>\n\n\n\n<p><\/p>\n","protected":false},"excerpt":{"rendered":"<p>Willkommen Dinnerleiche spielt Krimidinner-Events in ganz \u00d6sterreich und gelegentlich auch in Bayern. Wir w\u00fcrden uns freuen, Sie demn\u00e4chst als Gast begr\u00fc\u00dfen zu d\u00fcrfen. Aktuell spielen wir unsere Krimidinner-Produktionen \u201eKILLER CON [&hellip;]<\/p>\n","protected":false},"author":1,"featured_media":0,"parent":0,"menu_order":0,"comment_status":"closed","ping_status":"closed","template":"","meta":{"footnotes":""},"class_list":["post-20","page","type-page","status-publish","hentry"],"blocksy_meta":{"styles_descriptor":{"styles":{"desktop":"","tablet":"","mobile":""},"google_fonts":[],"version":6}},"_links":{"self":[{"href":"https:\/\/www.dinnerleiche.at\/index.php?rest_route=\/wp\/v2\/pages\/20","targetHints":{"allow":["GET"]}}],"collection":[{"href":"https:\/\/www.dinnerleiche.at\/index.php?rest_route=\/wp\/v2\/pages"}],"about":[{"href":"https:\/\/www.dinnerleiche.at\/index.php?rest_route=\/wp\/v2\/types\/page"}],"author":[{"embeddable":true,"href":"https:\/\/www.dinnerleiche.at\/index.php?rest_route=\/wp\/v2\/users\/1"}],"replies":[{"embeddable":true,"href":"https:\/\/www.dinnerleiche.at\/index.php?rest_route=%2Fwp%2Fv2%2Fcomments&post=20"}],"version-history":[{"count":116,"href":"https:\/\/www.dinnerleiche.at\/index.php?rest_route=\/wp\/v2\/pages\/20\/revisions"}],"predecessor-version":[{"id":1462,"href":"https:\/\/www.dinnerleiche.at\/index.php?rest_route=\/wp\/v2\/pages\/20\/revisions\/1462"}],"wp:attachment":[{"href":"https:\/\/www.dinnerleiche.at\/index.php?rest_route=%2Fwp%2Fv2%2Fmedia&parent=20"}],"curies":[{"name":"wp","href":"https:\/\/api.w.org\/{rel}","templated":true}]}}